 + x*w - 4. Calculate y(0).
-4
Let b(a) = -a + 8. Let w = -31 + 38. Let c be 4/(-2)*(w - 84/8). Give b(c).
1
Let r(c) = -38*c - 18*c - 21*c - 2*c**3 - 9*c**2 + 42 + 91*c - 2*c**2. Calculate r(-6).
-6
Let w = 1518 - 1497. Let p(r) = -r**3 + 19*r**2 + 44*r - 27. Calculate p(w).
15
Let h(m) be the second derivative of -m**5/20 + 29*m**4/12 + m**3/3 - 65*m**2/2 + 9372*m. What is h(29)?
-7
Let q(m) = m**3 - 7*m**2 + 2*m - 8. Let r be q(7). Let n(d) be the second derivative of d**5/20 - 5*d**4/12 - 2*d**3/3 + d**2/2 - 564*d + 1. Determine n(r).
13
Let j(n) be the first derivative of -n**3/3 - n**2/2 + n + 1. Suppose -4*c = -2*r + 24, 3*r - 16 = -0*c + 2*c. Determine j(r).
-5
Let q(z) = 2*z + 27. Let k(t) = t + 14. Let g(y) = -11*k(y) + 6*q(y). Suppose -31*s = -59*s - 39*s + 402. Calculate g(s).
14
Let u(m) be the first derivative of -91*m**2/2 - 358*m + 4909. Calculate u(-4).
6
Let n(w) = w**3 - 4*w**2 - 3*w + 4. Suppose 24*c - 226 - 58 - 652 = 0. Suppose -3*s - g + 107 = 2, 2*g = 2*s - 70. Let a = c - s. Calculate n(a).
-8
Let y(f) = -f**3 + 5*f**2 - 7*f - 4. Let p(m) = 7*m**3 - 26*m**2 + 36*m + 23. Let l(a) = -2*p(a) - 11*y(a). Calculate l(2).
-28
Let k(o) = -13*o + 85. Let n be k(7). Let h(j) = -6*j**2 - 33*j + 14. Calculate h(n).
-4
Let q(d) = -27*d - 7. Let a(l) = 32*l + 13. Let h(i) = 3*a(i) + 5*q(i). Give h(2).
-74
Let h(x) = -232*x - 7. Let p(r) = 324*r + 11. Let j(u) = 7*h(u) + 5*p(u). Let i be (1 - -7) + 0 - 0. Give j(i).
-26
Let k(j) be the third derivative of 3/4*j**4 + 2/3*j**3 + 0*j - 1/120*j**5 + 0 + 14*j**2. Let t(d) be the first derivative of k(d). Give t(0).
18
Let q(k) = 15*k**3 + 6*k**2 - 6*k - 17. Let a(c) = 83*c**3 + 29*c**2 - 30*c - 84. Let b(v) = -2*a(v) + 11*q(v). What is b(6)?
17
Suppose -10 = -3*t - z, -2*t + 4*z = 9*z - 11. Let d(j) = -4*j**2 + j. Let l(i) = -5*i**2 + 1. Let k = 8 + -5. Let g(a) = k*l(a) - 4*d(a). Determine g(t).
0
Suppose 5*h = 4*y + y, 0 = -2*h - 5*y + 6*y + 1. Let n(g) be the second derivative of -g**4 - g**2/2 + 2*g. What is n(h)?
-13
Let l = -279 - -281. Let w(d) = l*d + 8*d**2 + 4*d + 200*d**3 - 199*d**3 - 8. What is w(-6)?
28
Let r = -470 + 472. Let q(y) = 2 - 169*y**3 - 3 + 168*y**3. Give q(r).
-9
Let n(k) be the third derivative of -k**5/60 + k**3/6 + 2*k**2 + 2*k. Suppose -2*w - 5*l = -8, 0*l = -4*w + l - 6. Let d be (1/w)/((-9)/(-9)). Calculate n(d).
0
Let k(o) = -o**2 - 3*o + 1. Let s be -9 - 0*(-1)/2. Let m(w) = -w**2 - 2*w + 40. Let q be m(5). Let h = q + s. What is k(h)?
-3
Let c(d) = -d**3 - 10*d**2 + 11*d. Let s = 185 - 196. Let q be c(s). Let y(n) = -n**2 - n - 6. Calculate y(q).
-6
Let o(y) = -y**3 - 2*y**2 + y - 2. Let k = -197 - -80. Let i be (120/(-7))/(23/161). Let x = i - k. Determine o(x).
4
Let l(r) be the first derivative of 37*r**3/3 + r**2/2 + r - 1317. What is l(-1)?
37
Let d(k) = -k**3 - 6*k**2 - k + 1. Suppose -5*g = 9 - 19. Suppose -5*w = g*q - q + 173, 0 = 5*w + 5*q + 185. Let h = w - -29. Give d(h).
-19
Let j(d) be the second derivative of -d**3/3 + d. Let c be 448/196 + (-12)/(-7). What is j(c)?
-8
Suppose 2 = -2*s + m - 29, 0 = -5*s - 23*m - 52. Let x(j) be the third derivative of -j**6/120 - j**5/4 - j**4/24 - 17*j**3/6 + 24*j**2. What is x(s)?
-2
Let f(a) = -3 - a - 3*a**2 + 3*a**3 - 4*a + 0*a - 2*a**3. Suppose 5 = 5*i - m - 18, -5*m = -10. Calculate f(i).
22
Let v(p) = -10*p**2 + p. Let n(a) = -4*a + 22*a**2 - 41*a**2 + 58*a**2. Let c(z) = -2*n(z) - 9*v(z). Give c(-1).
13
Let k(w) be the third derivative of w**5/60 - w**4/8 - w**3 - 7*w**2. Suppose -297 = -5*z - 267. Determine k(z).
12
Let p be (113 - 93) + 2 + (-20)/2. Let h(z) = 16*z**2 - 189*z - 39. Give h(p).
-3
Suppose 32 + 470 + 118 = -620*n. Let w(i) = -10*i + 4. What is w(n)?
14
Let s(f) = f**3 + 10*f**2 + 16*f - 6. Let v be ((-406)/58)/(1 + 0). What is s(v)?
29
Suppose -4*c + 632 = -4*h, c + 162 = 2*c - 5*h. Let v = -161 + c. Let r(f) = -f - 5. Determine r(v).
-1
Let n be (-3 - 3)*(-2 + 3). Let v(j) be the third derivative of -1/120*j**6 - 13*j**2 + 0*j + 0*j**4 + 0 + j**3 - 1/10*j**5. Give v(n).
6
Suppose -4*p = 2*p - 24. Let a be (-2)/8 + 25/p. Let b(w) = -3*w + 12. Let t(j) = -2*j + 7. Let f(c) = -3*b(c) + 5*t(c). What is f(a)?
-7
Suppose s = 4*v - 11 - 4, 3*s = -5*v + 23. Let b(c) = s - 2*c**2 - 2*c + 4*c + 3*c**2 + 3*c. Determine b(4).
37
Let d(j) = -6*j**3 + 2*j**2 - 5*j - 2. Let a(g) = -11*g**3 + 4*g**2 - 9*g - 3. Suppose 9*m = 11*m + 6. Let b(c) = m*a(c) + 5*d(c). Give b(1).
2
Let r(i) = 6*i**2 - 161*i + 19. Let p(w) = -3*w**2 + 90*w - 10. Let t(o) = -11*p(o) - 6*r(o). Give t(-5).
41
Let w(s) be the first derivative of s**3/3 + 3*s**2/2 - 3*s - 1. Let d(q) = -q**3 - 117*q**2 - 248*q - 2075. Let b be d(-115). What is w(b)?
7
Let z(q) be the first derivative of -5*q**2 - 8*q + 1/3*q**3 - 95. Calculate z(11).
3
Let i = 122 + -132. Let z(b) = -2*b - 17. Let q be z(i). Let j(s) be the second derivative of -s**4/12 + 5*s**3/6 - s**2 + 14*s - 1. Calculate j(q).
4
Let f(c) = 6*c**2 + 1. Let s(k) = -k - 12. Let d be s(-16). Suppose -d*u = -u - 15. Suppose u*g = -4*r - r + 5, 0 = -5*g. Give f(r).
7
Let z be 5 + -1 - 4 - 7/((-35)/(-15)). Let q(y) = 4*y**2 - 4*y. What is q(z)?
48
Let g(j) = 11*j**2 + 3*j + 3. Let l be g(-1). Let y(w) = 3 + 4*w**2 + w**2 + l*w - 7*w**2 - 4. What is y(8)?
-41
Let u be (-203)/28 + (-4)/(-16)*1. Let c(o) be the third derivative of -o**4/24 - 4*o**3/3 + 148*o**2. What is c(u)?
-1
Let x(o) be the second derivative of o**5/20 - 2*o**4/3 - 7*o**3/6 - 11*o**2/2 - o. Let j(f) = 52 + 35 - f + 4*f - 27. Let k be j(-17). What is x(k)?
7
Suppose 3*m + 34 = 5*q, -4*q = -2*m + 7*m - 5. Suppose -43*n + 42*n - 21 = q*c, -2*n - 3*c - 7 = 0. Let g(r) = 5*r - 3. Give g(n).
17
Suppose 4176*i - 4179*i = -3*s - 39, 2*s + 3*i = 44. Let y(c) be the first derivative of -2*c**3 + c**2 - c + 1. Determine y(s).
-5
Let s = -8 + 4. Let y be 44/(-33)*((-22)/(-4) - 1). Let c(x) = -2*x**2 - 38*x + 7. Let q(u) = -u**2 - 18*u + 3. Let b(j) = y*c(j) + 13*q(j). Determine b(s).
5
Let u(h) = -2*h - 9. Let a(s) = -s**3 + 2*s**2 - 107 - 41*s - 11*s**2 + 47*s - 26*s. Let q be a(-8). Calculate u(q).
13
Let a = -58 + 55. Let l(y) be the third derivative of 0*y + 1/8*y**4 + 0 - 1/3*y**3 - 8*y**2 - 1/60*y**5. What is l(a)?
-20
Let w(n) be the third derivative of -n**6/360 + n**5/60 + n**4/6 - 5*n**3 + 3*n**2 + 11*n. Let y(l) be the first derivative of w(l). Determine y(4).
-4
Let f(c) = -5*c - 29. Let n be f(-6). Let j be n/((1/(-7))/((-20)/70)). Let q(r) = -698*r**2 + r - r + 699*r**j + 2*r. Determine q(-1).
-1
Let a be (-2)/6 + 8/24. Let p be 7/1*(1 - a). Let l(i) = -p + 5*i**3 - i**2 - 6*i**3 + 2*i**3 + i. Determine l(0).
-7
Suppose 3*t + 5*y - 10 = 0, 0*y - 6 = -2*t - 3*y. Let i(z) = -5*z + 2 + 3 + t + 0. Let o(w) = w + 10. Let s be o(-6). Determine i(s).
-15
Let n(q) = 2*q - 6 - 6*q - q**2 + 5*q**2. Let j(f) = 5*f**2 - 5*f - 7. Suppose -5*k - 4*g = g + 45, -2*k + 18 = -7*g. Let x(c) = k*j(c) + 6*n(c). What is x(1)?
-1
Let n(d) = 6 - 35561*d + 71139*d - 136 - 35544*d. What is n(4)?
6
Let v(p) be the second derivative of p**6/120 + p**5/10 + 7*p**4/24 + 5*p**3/6 - 47*p**2 - 4*p - 19. Let h(r) be the first derivative of v(r). What is h(-4)?
9
Let p(h) = 7*h + 158. Suppose 78*c + 5*c + 2530 = -27*c. Calculate p(c).
-3
Let m be (0 - 5) + 1505/7. Let n(t) = -m*t - 13 + 101*t + 108*t. What is n(-6)?
-7
Let c(p) be the first derivative of 27*p - 65 - 1/3*p**3 + 1/2*p**2 - 1/4*p**4. What is c(0)?
27
Let q(v) = -v**3 + 9*v**2 - 16*v + 12. Let w = -11966 - -11973. Give q(w).
-2
Let i(x) = -x**3 - x**2 - 3*x - 1. Let v(c) = 7*c**3 + c**2 + 29*c + 9. Let a(m) = 6*i(m) + v(m). Calculate a(6).
105
Suppose 209 + 286 = 165*k. Let b(o) = -2*o**2 + o - 1. Give b(k).
-16
Let j(h) = 2*h - 53. Let x be 0/(-4 - (0 + -12)). What is j(x)?
-53
Let t(h) = 3*h**2 - 71*h - 9. Let m(r) = 2*r**3 - 9*r**2 + 39*r - 66. Let a be m(3). What is t(a)?
15
Let d(k) = -k**3 - 3*k**2 - 3*k - 1. Suppose -15*b + 10*b + 2*o = -1510, -1525 = -5*b + 5*o. Let r = -302 + b. Give d(r).
1
Let s be 47 + 0 - 156/(-52) - 6. Let z(y) = -y**2 + 42*y + 73. Calculate z(s).
-15
Let x be -6 - (3/1)/(-1). Let s(d) = 2*d**2 + 5*d - 2. Let f(t) = -2*t**2 - 6*t + 2. Let u be (330/(-12))/(-11)*4/(-5). Let k(g) = u*f(g) + x*s(g). Give k(-3).
-7
Let u(p) be the first derivative o